e number?
False
Is 98415007 prime?
True
Is 21507379217 a prime number?
True
Is 64227949894 composite?
True
Is 958148897 a prime number?
False
Is 2791602119 a composite number?
False
Is 298201367 a composite number?
True
Is 7236023983 prime?
False
Is 32606477 composite?
True
Is 2566409411 composite?
False
Is 11380370383 composite?
False
Is 7095303979 a prime number?
True
Is 836856929 composite?
False
Is 337757021 composite?
True
Is 28633734515 composite?
True
Is 19969951609 a composite number?
True
Is 243985722322 prime?
False
Is 164669641 prime?
False
Is 30352650791 a composite number?
False
Is 264557847677 composite?
False
Is 819559709 a composite number?
False
Is 15260100551 a prime number?
True
Is 24618186959 a composite number?
True
Is 1158290717 composite?
False
Is 408104297 a composite number?
False
Is 366984383 a composite number?
True
Is 696909377 a prime number?
True
Is 1377243097 composite?
True
Is 4093051013 prime?
True
Is 4674954061 a composite number?
True
Is 1636577161 a prime number?
True
Is 536225777 a composite number?
False
Is 49904303723 a composite number?
False
Is 811670123 prime?
False
Is 29119848169 a prime number?
True
Is 231701623 prime?
False
Is 178646737 composite?
True
Is 395617919 composite?
False
Is 545958463 composite?
True
Is 22765339 a composite number?
False
Is 31496519 a prime number?
True
Is 31983095587 composite?
False
Is 59621890417 a composite number?
True
Is 4445326859 a prime number?
True
Is 11119402117 composite?
False
Is 67453221937 a composite number?
False
Is 19370623099 prime?
False
Is 11241946033 a composite number?
True
Is 109969393 composite?
False
Is 1639077617 a composite number?
True
Is 56628040607 a composite number?
True
Is 54820908767 composite?
False
Is 1507451653 composite?
False
Is 611626259 composite?
False
Is 3151470391 composite?
True
Is 10639890857 a prime number?
False
Is 52812038834 a composite number?
True
Is 4084795337 a composite number?
True
Is 920440607 composite?
False
Is 7035716761 a prime number?
True
Is 10803793613 a prime number?
True
Is 6807468739 a prime number?
True
Is 96403378661 prime?
True
Is 1501228933 a prime number?
True
Is 115117433 a prime number?
True
Is 37593987031 prime?
True
Is 4632443 prime?
True
Is 272240519 a composite number?
False
Is 489505183 prime?
True
Is 264743047 a prime number?
False
Is 23020712485 a composite number?
True
Is 8585940193 prime?
True
Is 52956954993 composite?
True
Is 3097934327 prime?
False
Is 17718682907 a prime number?
False
Is 1002035627 composite?
False
Is 54825961881 prime?
False
Is 6444733037 composite?
False
Is 902981869 prime?
False
Is 10029184611 composite?
True
Is 8632663573 composite?
True
Is 342540557 prime?
True
Is 2568727411 prime?
False
Is 2446007677 composite?
False
Is 443287181 prime?
True
Is 1514920727 a composite number?
True
Is 21119956771 composite?
True
Is 2107506967 a prime number?
False
Is 1119761803 a prime number?
False
Is 1966972561 a prime number?
True
Is 6877712101 prime?
False
Is 168817457 prime?
True
Is 13143438827 composite?
True
Is 81304719553 prime?
True
Is 1186384907 composite?
True
Is 2197649273 composite?
False
Is 1540756793 composite?
False
Is 5335615211 a composite number?
False
Is 663605533 a composite number?
True
Is 1203490957 a prime number?
True
Is 5568381905 a composite number?
True
Is 85909498799 a prime number?
True
Is 19659774415 composite?
True
Is 81433322857 composite?
False
Is 24003631771 a prime number?
False
Is 168776987627 prime?
True
Is 2714218769 a prime number?
False
Is 2113658167 prime?
False
Is 1328489741 a prime number?
False
Is 5558719841 prime?
True
Is 24903461551 composite?
True
Is 172980167 composite?
True
Is 26377176253 composite?
True
Is 41141638751 a composite number?
False
Is 944493751 prime?
True
Is 5726600357 a composite number?
True
Is 17969573077 a prime number?
False
Is 1283491987 a prime number?
True
Is 22786963831 a composite number?
False
Is 2810557409 prime?
False
Is 2809846189 prime?
False
Is 29081097193 a composite number?
True
Is 270374015 composite?
True
Is 1004636947 prime?
False
Is 654001217 a composite number?
False
Is 476301737 a composite number?
False
Is 1754588959 a composite number?
False
Is 1436458831 a composite number?
False
Is 15466876943 a composite number?
True
Is 472993109 a composite number?
False
Is 298588309 prime?
False
Is 704809129 prime?
False
Is 25557575509 a prime number?
True
Is 8973216457 a prime number?
False
Is 587444111 composite?
True
Is 124736911 a composite number?
True
Is 19286927197 prime?
False
Is 155018219 a prime number?
True
Is 21301011157 composite?
False
Is 1487417713 composite?
True
Is 359176217 prime?
False
Is 2255548801 prime?
False
Is 49553681 composite?
False
Is 1232042947 composite?
False
Is 38365985701 composite?
False
Is 18899649637 a composite number?
True
Is 11110661531 composite?
False
Is 38097101311 a composite number?
True
Is 3216197041 a prime number?
True
Is 391358857 a composite number?
True
Is 3272822517 a composite number?
True
Is 1119721261 composite?
False
Is 309303329 prime?
True
Is 58797931151 composite?
False
Is 11683765679 a prime number?
True
Is 381089193 prime?
False
Is 7092183547 composite?
False
Is 183919597 composite?
False
Is 223074631469 a composite number?
False
Is 117095821277 a composite number?
False
Is 1218042103 a composite number?
False
Is 355672795 a prime number?
False
Is 3456831941 a composite number?
True
Is 49922083 prime?
False
Is 131809127431 a prime number?
True
Is 882152741 composite?
True
Is 23387201879 a prime number?
False
Is 794537813 a prime number?
True
Is 13238397397 composite?
True
Is 299712739 a prime number?
True
Is 418227497 a composite number?
False
Is 1260148283 prime?
False
Is 10293400781 a composite number?
False
Is 100622428363 a prime number?
False
Is 1120341527 a composite number?
True
Is 4387872593 prime?
False
Is 31048014607 prime?
True
Is 256987099 a composite number?
False
Is 8138496059 prime?
True
Is 7319030515 a composite number?
True
Is 78381073 prime?
False
Is 21898523719 a composite number?
False
Is 1259988731 a composite number?
True
Is 7831510009 a prime number?
True
Is 79153548349 prime?
True
Is 70442457691 prime?
True
Is 179752921 composite?
True
Is 26116947817 prime?
False
Is 41364619547 composite?
False
Is 83523511 prime?
False
Is 720433421 a composite number?
True
Is 370132661 prime?
False
Is 1153865897 a prime number?
True
Is 2139913121 composite?
False
Is 721758097 prime?
False
Is 2080145647 a prime number?
False
Is 1028526293 a prime number?
True
Is 23000867137 composite?
False
Is 193154252861 a prime number?
True
Is 775087811 prime?
True
Is 15722476631 prime?
True
Is 268154119 composite?
False
Is 1322224627 prime?
False
Is 2567539687 composite?
True
Is 14039400041 a composite number?
False
Is 1854570143 composite?
True
Is 23325828391 prime?
False
Is 4595498737 a prime number?
True
Is 18548187253 a prime number?
True
Is 60558447329 a prime number?
True
Is 76790717831 a composite number?
True
Is 46168301 prime?
True
Is 416592529 prime?
True
Is 812182369 a composite number?
True
Is 6868691941 a composite number?
False
Is 112538411267 prime?
True
Is 426560867 a composite number?
True
Is 21465163633 prime?
True
Is 17427987707 a prime number?
False
Is 1629228499 a prime number?
False
Is 7100694853 a prime number?
False
Is 6451606331 composite?
False
Is 6207652927 a prime number?
False
Is 43937095171 composite?
False
Is 836973857 a prime number?
True
Is 299553372401 a composite number?
False
Is 21417158517 a composite number?
True
Is 23256834449 prime?
False
Is 3824441 a prime number?
True
Is 14771451347 a prime number?
False
Is 25758997111 prime?
True
Is 9136006027 prime?
True
Is 1057630361 prime?
True
Is 44351702357 a composite number?
False
Is 1114093151 a composite number?
False
Is 2607846899 a prime number?
False
Is 2517768697 prime?
False
Is 1167665591 a composite number?
False
Is 1286402269 a composite number?
True
Is 2720347577 a prime number?
True
Is 19607781901 composite?
True
Is 9751448537 a prime number?
True
Is 7240131163 composite?
False
Is 10323722803 prime?
False
Is 12804838467 a prime number?
False
Is 4284331 composite?
False
Is 398828897 a prime number?
True
Is 3787601743 composite?
False
Is 26157069209 a prime nu